{"id":6203,"date":"2025-07-09T11:04:18","date_gmt":"2025-07-09T09:04:18","guid":{"rendered":"https:\/\/axetechnologies.com\/?post_type=awsm_job_openings&#038;p=6203"},"modified":"2025-07-24T16:33:13","modified_gmt":"2025-07-24T14:33:13","slug":"charge-d-activite-deploiement","status":"publish","type":"awsm_job_openings","link":"https:\/\/axetechnologies.com\/fr\/jobs\/charge-d-activite-deploiement\/","title":{"rendered":"Charg\u00e9 d&rsquo;activit\u00e9 d\u00e9ploiement"},"content":{"rendered":"\n<h2 class=\"wp-block-heading\"><strong><em>Description<\/em><\/strong><\/h2>\n\n\n\n<p>Le responsable p\u00f4le d\u00e9ploiement r\u00e9gional alloue les ressources du p\u00f4le en fonction des projets de d\u00e9ploiement \u00e0 r\u00e9aliser sur son p\u00e9rim\u00e8tre. Il\/elle r\u00e9alise les prescriptions, les contr\u00f4les et les validations de livrables. Il\/elle contribue \u00e0 mener \u00e0 bien les projets d\u00e9ploiement, en support du CPO responsable de bout en bout.<br>Il\/elle assume ces activit\u00e9s dans le cadre de la politique g\u00e9n\u00e9rale de l\u2019entreprise.<\/p>\n\n\n\n<hr class=\"wp-block-separator has-alpha-channel-opacity\"\/>\n\n\n\n<h2 class=\"wp-block-heading\"><strong><em>Activit\u00e9s principales<\/em><\/strong><\/h2>\n\n\n\n<ul class=\"wp-block-list\">\n<li>Prescrire les t\u00e2ches internes ou externes n\u00e9cessaires \u00e0 l\u2019avancement des projets,<\/li>\n\n\n\n<li>Produire les livrables internalis\u00e9s (Compte Rendu Visite Technique, Etude de Faisabilit\u00e9 avant-Projet D\u00e9taill\u00e9, \u2026),<\/li>\n\n\n\n<li>Contr\u00f4ler la bonne prise en compte et l\u2019avancement des t\u00e2ches internes ou externes prescrites,<\/li>\n\n\n\n<li>Valider les livrables d\u00e9livr\u00e9s par les autres acteurs internes ou externes,<\/li>\n\n\n\n<li>Garantir la bonne mise \u00e0 jour en temps r\u00e9el des portails Nextgen, des r\u00e9f\u00e9rentiels et bases de donn\u00e9es pour faciliter le reporting,<\/li>\n\n\n\n<li>Participer aux sessions de lancement des projets auxquels il\/elle participe et mettre en \u0153uvre les d\u00e9cisions prises, en mati\u00e8re de planification des ressources, de logistique,<\/li>\n\n\n\n<li>Alerter les Coordinateurs\/trices Projet Op\u00e9rationnel en cas de risque de d\u00e9rive des d\u00e9lais ou de non qualit\u00e9,<\/li>\n\n\n\n<li>S\u2019assurer aupr\u00e8s des RPS de la ma\u00eetrise Juridique des Sites et identifier les d\u00e9marches \u00e0 entreprendre pour garantir les d\u00e9ploiements dans les r\u00e8gles d\u2019urbanisme (DP, PC, DIM, DIB, \u2026),<\/li>\n\n\n\n<li>Garantir le respect des r\u00e8gles de s\u00e9curit\u00e9 et l\u2019\u00e9tablissement de plan de pr\u00e9vention,<\/li>\n\n\n\n<li>Proposer aupr\u00e8s des Coordinateurs\/trices Projet Op\u00e9rationnel du P\u00f4le R\u00e9gional de D\u00e9ploiement des solutions pour ordonnancer la production au regard des \u00e9ventuelles contraintes sp\u00e9cifiques identifi\u00e9es localement (priorisations attendues par le client r\u00e9gional, &#8230;),<\/li>\n\n\n\n<li>Proposer des solutions techniques alternatives, viables sur le plan technico-\u00e9conomique aux Coordinateurs\/trices Projet Op\u00e9rationnel du p\u00f4le,<\/li>\n\n\n\n<li>Participer et animer par d\u00e9l\u00e9gation des points r\u00e9guliers d\u2019avancement vers les \u00e9quipes op\u00e9rationnelles ou les \u00e9quipes de nos sous-traitants,<\/li>\n\n\n\n<li>Dans le cadre de la mise en \u0153uvre des projets, veiller au respect des CCTG et des CCTP (Cahier des Charges des Travaux G\u00e9n\u00e9ral et Technique) \u00e9dict\u00e9s par l\u2019entreprise.<\/li>\n<\/ul>\n\n\n\n<hr class=\"wp-block-separator has-alpha-channel-opacity\"\/>\n\n\n\n<h2 class=\"wp-block-heading\"><strong><em>Profil<\/em><\/strong><\/h2>\n\n\n\n<ul class=\"wp-block-list\">\n<li><strong>Formation <\/strong>: Bac+2 \u00e0 Bac+5 dans le domaine des t\u00e9l\u00e9coms, du BTP ou de la gestion de projet<\/li>\n\n\n\n<li><strong>Exp\u00e9rience <\/strong>: Minimum 3 ans d\u2019exp\u00e9rience dans la conduite ou le suivi de projets de d\u00e9ploiement t\u00e9l\u00e9com ou d\u2019infrastructures techniques<\/li>\n\n\n\n<li>Ma\u00eetrise du fran\u00e7ais et de l&rsquo;anglais<\/li>\n<\/ul>\n","protected":false},"excerpt":{"rendered":"<p>Description Le responsable p\u00f4le d\u00e9ploiement r\u00e9gional alloue les ressources du p\u00f4le en fonction des projets de d\u00e9ploiement \u00e0 r\u00e9aliser sur son p\u00e9rim\u00e8tre. Il\/elle r\u00e9alise les prescriptions, les contr\u00f4les et les validations de livrables. Il\/elle contribue \u00e0 mener \u00e0 bien les projets d\u00e9ploiement, en support du CPO responsable de bout en bout.Il\/elle assume ces activit\u00e9s dans [&hellip;]<\/p>\n","protected":false},"author":3,"template":"","meta":[],"class_list":["post-6203","awsm_job_openings","type-awsm_job_openings","status-publish","hentry","job-type-charge-activite-deploiement","job-location-toulouse-fr-fr","job-category-energie","language-anglais","language-francais","date-immediat","salary-negociable"],"yoast_head":"<!-- This site is optimized with the Yoast SEO plugin v27.5 - https:\/\/yoast.com\/product\/yoast-seo-wordpress\/ -->\n<title>Charg\u00e9 d&#039;activit\u00e9 d\u00e9ploiement - Axe Technologies<\/title>\n<meta name=\"robots\" content=\"index, follow, max-snippet:-1, max-image-preview:large, max-video-preview:-1\" \/>\n<link rel=\"canonical\" href=\"https:\/\/axetechnologies.com\/fr\/jobs\/charge-d-activite-deploiement\/\" \/>\n<meta property=\"og:locale\" content=\"fr_FR\" \/>\n<meta property=\"og:type\" content=\"article\" \/>\n<meta property=\"og:title\" content=\"Charg\u00e9 d&#039;activit\u00e9 d\u00e9ploiement - Axe Technologies\" \/>\n<meta property=\"og:description\" content=\"Description Le responsable p\u00f4le d\u00e9ploiement r\u00e9gional alloue les ressources du p\u00f4le en fonction des projets de d\u00e9ploiement \u00e0 r\u00e9aliser sur son p\u00e9rim\u00e8tre. Il\/elle r\u00e9alise les prescriptions, les contr\u00f4les et les validations de livrables. Il\/elle contribue \u00e0 mener \u00e0 bien les projets d\u00e9ploiement, en support du CPO responsable de bout en bout.Il\/elle assume ces activit\u00e9s dans [&hellip;]\" \/>\n<meta property=\"og:url\" content=\"https:\/\/axetechnologies.com\/fr\/jobs\/charge-d-activite-deploiement\/\" \/>\n<meta property=\"og:site_name\" content=\"Axe Technologies\" \/>\n<meta property=\"article:modified_time\" content=\"2025-07-24T14:33:13+00:00\" \/>\n<meta name=\"twitter:card\" content=\"summary_large_image\" \/>\n<meta name=\"twitter:label1\" content=\"Dur\u00e9e de lecture estim\u00e9e\" \/>\n\t<meta name=\"twitter:data1\" content=\"2 minutes\" \/>\n<script type=\"application\/ld+json\" class=\"yoast-schema-graph\">{\"@context\":\"https:\\\/\\\/schema.org\",\"@graph\":[{\"@type\":\"WebPage\",\"@id\":\"https:\\\/\\\/axetechnologies.com\\\/fr\\\/jobs\\\/charge-d-activite-deploiement\\\/\",\"url\":\"https:\\\/\\\/axetechnologies.com\\\/fr\\\/jobs\\\/charge-d-activite-deploiement\\\/\",\"name\":\"Charg\u00e9 d'activit\u00e9 d\u00e9ploiement - Axe Technologies\",\"isPartOf\":{\"@id\":\"https:\\\/\\\/axetechnologies.com\\\/fr\\\/#website\"},\"datePublished\":\"2025-07-09T09:04:18+00:00\",\"dateModified\":\"2025-07-24T14:33:13+00:00\",\"breadcrumb\":{\"@id\":\"https:\\\/\\\/axetechnologies.com\\\/fr\\\/jobs\\\/charge-d-activite-deploiement\\\/#breadcrumb\"},\"inLanguage\":\"fr-FR\",\"potentialAction\":[{\"@type\":\"ReadAction\",\"target\":[\"https:\\\/\\\/axetechnologies.com\\\/fr\\\/jobs\\\/charge-d-activite-deploiement\\\/\"]}]},{\"@type\":\"BreadcrumbList\",\"@id\":\"https:\\\/\\\/axetechnologies.com\\\/fr\\\/jobs\\\/charge-d-activite-deploiement\\\/#breadcrumb\",\"itemListElement\":[{\"@type\":\"ListItem\",\"position\":1,\"name\":\"Home\",\"item\":\"https:\\\/\\\/axetechnologies.com\\\/fr\\\/\"},{\"@type\":\"ListItem\",\"position\":2,\"name\":\"Offres d'emploi\",\"item\":\"https:\\\/\\\/axetechnologies.com\\\/fr\\\/jobs\\\/\"},{\"@type\":\"ListItem\",\"position\":3,\"name\":\"Charg\u00e9 d&#8217;activit\u00e9 d\u00e9ploiement\"}]},{\"@type\":\"WebSite\",\"@id\":\"https:\\\/\\\/axetechnologies.com\\\/fr\\\/#website\",\"url\":\"https:\\\/\\\/axetechnologies.com\\\/fr\\\/\",\"name\":\"Axe Technologies\",\"description\":\"Consulting and services\",\"potentialAction\":[{\"@type\":\"SearchAction\",\"target\":{\"@type\":\"EntryPoint\",\"urlTemplate\":\"https:\\\/\\\/axetechnologies.com\\\/fr\\\/?s={search_term_string}\"},\"query-input\":{\"@type\":\"PropertyValueSpecification\",\"valueRequired\":true,\"valueName\":\"search_term_string\"}}],\"inLanguage\":\"fr-FR\"}]}<\/script>\n<!-- \/ Yoast SEO plugin. -->","yoast_head_json":{"title":"Charg\u00e9 d'activit\u00e9 d\u00e9ploiement - Axe Technologies","robots":{"index":"index","follow":"follow","max-snippet":"max-snippet:-1","max-image-preview":"max-image-preview:large","max-video-preview":"max-video-preview:-1"},"canonical":"https:\/\/axetechnologies.com\/fr\/jobs\/charge-d-activite-deploiement\/","og_locale":"fr_FR","og_type":"article","og_title":"Charg\u00e9 d'activit\u00e9 d\u00e9ploiement - Axe Technologies","og_description":"Description Le responsable p\u00f4le d\u00e9ploiement r\u00e9gional alloue les ressources du p\u00f4le en fonction des projets de d\u00e9ploiement \u00e0 r\u00e9aliser sur son p\u00e9rim\u00e8tre. Il\/elle r\u00e9alise les prescriptions, les contr\u00f4les et les validations de livrables. Il\/elle contribue \u00e0 mener \u00e0 bien les projets d\u00e9ploiement, en support du CPO responsable de bout en bout.Il\/elle assume ces activit\u00e9s dans [&hellip;]","og_url":"https:\/\/axetechnologies.com\/fr\/jobs\/charge-d-activite-deploiement\/","og_site_name":"Axe Technologies","article_modified_time":"2025-07-24T14:33:13+00:00","twitter_card":"summary_large_image","twitter_misc":{"Dur\u00e9e de lecture estim\u00e9e":"2 minutes"},"schema":{"@context":"https:\/\/schema.org","@graph":[{"@type":"WebPage","@id":"https:\/\/axetechnologies.com\/fr\/jobs\/charge-d-activite-deploiement\/","url":"https:\/\/axetechnologies.com\/fr\/jobs\/charge-d-activite-deploiement\/","name":"Charg\u00e9 d'activit\u00e9 d\u00e9ploiement - Axe Technologies","isPartOf":{"@id":"https:\/\/axetechnologies.com\/fr\/#website"},"datePublished":"2025-07-09T09:04:18+00:00","dateModified":"2025-07-24T14:33:13+00:00","breadcrumb":{"@id":"https:\/\/axetechnologies.com\/fr\/jobs\/charge-d-activite-deploiement\/#breadcrumb"},"inLanguage":"fr-FR","potentialAction":[{"@type":"ReadAction","target":["https:\/\/axetechnologies.com\/fr\/jobs\/charge-d-activite-deploiement\/"]}]},{"@type":"BreadcrumbList","@id":"https:\/\/axetechnologies.com\/fr\/jobs\/charge-d-activite-deploiement\/#breadcrumb","itemListElement":[{"@type":"ListItem","position":1,"name":"Home","item":"https:\/\/axetechnologies.com\/fr\/"},{"@type":"ListItem","position":2,"name":"Offres d'emploi","item":"https:\/\/axetechnologies.com\/fr\/jobs\/"},{"@type":"ListItem","position":3,"name":"Charg\u00e9 d&#8217;activit\u00e9 d\u00e9ploiement"}]},{"@type":"WebSite","@id":"https:\/\/axetechnologies.com\/fr\/#website","url":"https:\/\/axetechnologies.com\/fr\/","name":"Axe Technologies","description":"Consulting and services","potentialAction":[{"@type":"SearchAction","target":{"@type":"EntryPoint","urlTemplate":"https:\/\/axetechnologies.com\/fr\/?s={search_term_string}"},"query-input":{"@type":"PropertyValueSpecification","valueRequired":true,"valueName":"search_term_string"}}],"inLanguage":"fr-FR"}]}},"_links":{"self":[{"href":"https:\/\/axetechnologies.com\/fr\/wp-json\/wp\/v2\/awsm_job_openings\/6203","targetHints":{"allow":["GET"]}}],"collection":[{"href":"https:\/\/axetechnologies.com\/fr\/wp-json\/wp\/v2\/awsm_job_openings"}],"about":[{"href":"https:\/\/axetechnologies.com\/fr\/wp-json\/wp\/v2\/types\/awsm_job_openings"}],"author":[{"embeddable":true,"href":"https:\/\/axetechnologies.com\/fr\/wp-json\/wp\/v2\/users\/3"}],"wp:attachment":[{"href":"https:\/\/axetechnologies.com\/fr\/wp-json\/wp\/v2\/media?parent=6203"}],"curies":[{"name":"wp","href":"https:\/\/api.w.org\/{rel}","templated":true}]}}

Chargé d&rsquo;activité déploiement

<h2 class="wp-block-heading"><strong><em>Description</em></strong></h2>



<p>Le responsable pôle déploiement régional alloue les ressources du pôle en fonction des projets de déploiement à réaliser sur son périmètre. Il/elle réalise les prescriptions, les contrôles et les validations de livrables. Il/elle contribue à mener à bien les projets déploiement, en support du CPO responsable de bout en bout.<br>Il/elle assume ces activités dans le cadre de la politique générale de l’entreprise.</p>



<hr class="wp-block-separator has-alpha-channel-opacity"/>



<h2 class="wp-block-heading"><strong><em>Activités principales</em></strong></h2>



<ul class="wp-block-list">
<li>Prescrire les tâches internes ou externes nécessaires à l’avancement des projets,</li>



<li>Produire les livrables internalisés (Compte Rendu Visite Technique, Etude de Faisabilité avant-Projet Détaillé, …),</li>



<li>Contrôler la bonne prise en compte et l’avancement des tâches internes ou externes prescrites,</li>



<li>Valider les livrables délivrés par les autres acteurs internes ou externes,</li>



<li>Garantir la bonne mise à jour en temps réel des portails Nextgen, des référentiels et bases de données pour faciliter le reporting,</li>



<li>Participer aux sessions de lancement des projets auxquels il/elle participe et mettre en œuvre les décisions prises, en matière de planification des ressources, de logistique,</li>



<li>Alerter les Coordinateurs/trices Projet Opérationnel en cas de risque de dérive des délais ou de non qualité,</li>



<li>S’assurer auprès des RPS de la maîtrise Juridique des Sites et identifier les démarches à entreprendre pour garantir les déploiements dans les règles d’urbanisme (DP, PC, DIM, DIB, …),</li>



<li>Garantir le respect des règles de sécurité et l’établissement de plan de prévention,</li>



<li>Proposer auprès des Coordinateurs/trices Projet Opérationnel du Pôle Régional de Déploiement des solutions pour ordonnancer la production au regard des éventuelles contraintes spécifiques identifiées localement (priorisations attendues par le client régional, &#8230;),</li>



<li>Proposer des solutions techniques alternatives, viables sur le plan technico-économique aux Coordinateurs/trices Projet Opérationnel du pôle,</li>



<li>Participer et animer par délégation des points réguliers d’avancement vers les équipes opérationnelles ou les équipes de nos sous-traitants,</li>



<li>Dans le cadre de la mise en œuvre des projets, veiller au respect des CCTG et des CCTP (Cahier des Charges des Travaux Général et Technique) édictés par l’entreprise.</li>
</ul>



<hr class="wp-block-separator has-alpha-channel-opacity"/>



<h2 class="wp-block-heading"><strong><em>Profil</em></strong></h2>



<ul class="wp-block-list">
<li><strong>Formation </strong>: Bac+2 à Bac+5 dans le domaine des télécoms, du BTP ou de la gestion de projet</li>



<li><strong>Expérience </strong>: Minimum 3 ans d’expérience dans la conduite ou le suivi de projets de déploiement télécom ou d’infrastructures techniques</li>



<li>Maîtrise du français et de l&rsquo;anglais</li>
</ul>

<p>Description Le responsable pôle déploiement régional alloue les ressources du pôle en fonction des projets de déploiement à réaliser sur son périmètre. Il/elle réalise les prescriptions, les contrôles et les validations de livrables. Il/elle contribue à mener à bien les projets déploiement, en support du CPO responsable de bout en bout.Il/elle assume ces activités dans [&hellip;]</p>

<!-- This site is optimized with the Yoast SEO plugin v27.5 - https://yoast.com/product/yoast-seo-wordpress/ -->
<title>Chargé d&#039;activité déploiement - Axe Technologies</title>
<meta name="robots" content="index, follow, max-snippet:-1, max-image-preview:large, max-video-preview:-1" />
<link rel="canonical" href="https://axetechnologies.com/fr/jobs/charge-d-activite-deploiement/" />
<meta property="og:locale" content="fr_FR" />
<meta property="og:type" content="article" />
<meta property="og:title" content="Chargé d&#039;activité déploiement - Axe Technologies" />
<meta property="og:description" content="Description Le responsable pôle déploiement régional alloue les ressources du pôle en fonction des projets de déploiement à réaliser sur son périmètre. Il/elle réalise les prescriptions, les contrôles et les validations de livrables. Il/elle contribue à mener à bien les projets déploiement, en support du CPO responsable de bout en bout.Il/elle assume ces activités dans [&hellip;]" />
<meta property="og:url" content="https://axetechnologies.com/fr/jobs/charge-d-activite-deploiement/" />
<meta property="og:site_name" content="Axe Technologies" />
<meta property="article:modified_time" content="2025-07-24T14:33:13+00:00" />
<meta name="twitter:card" content="summary_large_image" />
<meta name="twitter:label1" content="Durée de lecture estimée" />
	<meta name="twitter:data1" content="2 minutes" />
<script type="application/ld+json" class="yoast-schema-graph">{"@context":"https:\/\/schema.org","@graph":[{"@type":"WebPage","@id":"https:\/\/axetechnologies.com\/fr\/jobs\/charge-d-activite-deploiement\/","url":"https:\/\/axetechnologies.com\/fr\/jobs\/charge-d-activite-deploiement\/","name":"Chargé d'activité déploiement - Axe Technologies","isPartOf":{"@id":"https:\/\/axetechnologies.com\/fr\/#website"},"datePublished":"2025-07-09T09:04:18+00:00","dateModified":"2025-07-24T14:33:13+00:00","breadcrumb":{"@id":"https:\/\/axetechnologies.com\/fr\/jobs\/charge-d-activite-deploiement\/#breadcrumb"},"inLanguage":"fr-FR","potentialAction":[{"@type":"ReadAction","target":["https:\/\/axetechnologies.com\/fr\/jobs\/charge-d-activite-deploiement\/"]}]},{"@type":"BreadcrumbList","@id":"https:\/\/axetechnologies.com\/fr\/jobs\/charge-d-activite-deploiement\/#breadcrumb","itemListElement":[{"@type":"ListItem","position":1,"name":"Home","item":"https:\/\/axetechnologies.com\/fr\/"},{"@type":"ListItem","position":2,"name":"Offres d'emploi","item":"https:\/\/axetechnologies.com\/fr\/jobs\/"},{"@type":"ListItem","position":3,"name":"Chargé d&#8217;activité déploiement"}]},{"@type":"WebSite","@id":"https:\/\/axetechnologies.com\/fr\/#website","url":"https:\/\/axetechnologies.com\/fr\/","name":"Axe Technologies","description":"Consulting and services","potentialAction":[{"@type":"SearchAction","target":{"@type":"EntryPoint","urlTemplate":"https:\/\/axetechnologies.com\/fr\/?s={search_term_string}"},"query-input":{"@type":"PropertyValueSpecification","valueRequired":true,"valueName":"search_term_string"}}],"inLanguage":"fr-FR"}]}</script>
<!-- / Yoast SEO plugin. -->

Chargé d'activité déploiement - Axe Technologies

Description Le responsable pôle déploiement régional alloue les ressources du pôle en fonction des projets de déploiement à réaliser sur son périmètre. Il/elle réalise les prescriptions, les contrôles et les validations de livrables. Il/elle contribue à mener à bien les projets déploiement, en support du CPO responsable de bout en bout.Il/elle assume ces activités dans [&hellip;]

Chargé d&#8217;activité déploiement
